{"id":38,"date":"2026-02-18T13:12:10","date_gmt":"2026-02-18T13:12:10","guid":{"rendered":"https:\/\/start-in-assas.fr\/?page_id=38"},"modified":"2026-03-28T14:56:08","modified_gmt":"2026-03-28T14:56:08","slug":"partners","status":"publish","type":"page","link":"https:\/\/start-in-assas.fr\/index.php\/partners\/","title":{"rendered":"Partnenaires"},"content":{"rendered":"\t\t<div data-elementor-type=\"wp-page\" data-elementor-id=\"38\" class=\"elementor elementor-38\">\n\t\t\t\t<div class=\"elementor-element elementor-element-30734f75 e-flex e-con-boxed e-con e-parent\" data-id=\"30734f75\" data-element_type=\"container\" data-e-type=\"container\" data-settings=\"{&quot;background_background&quot;:&quot;classic&quot;}\">\n\t\t\t\t\t<div class=\"e-con-inner\">\n\t\t\t\t<div class=\"elementor-element elementor-element-69ec55c0 text-center elementor-widget elementor-widget-tp-heading-title\" data-id=\"69ec55c0\" data-element_type=\"widget\" data-e-type=\"widget\" data-widget_type=\"tp-heading-title.default\">\n\t\t\t\t\t<div class=\"heading heading_style heading_style69d122f4e8f67 style-1 \"  data-tp-gsap-heading-text=\"\" data-tp-gsap-sub-heading-text=\"\"><div class=\"sub-style\" ><div class=\"head-title \" > <h1  class=\"heading-title   \"  data-hover=\"Partnenaires\">Partnenaires<span class=\"title-s \">  <\/span><\/h1><\/div><div class=\"sub-heading\"><h2 class=\"heading-sub-title  \"> D\u00e9couvrez toutes les entit\u00e9s avec lesquelles on collabore <\/h2><\/div><\/div><\/div>\t\t\t\t<\/div>\n\t\t\t\t\t<\/div>\n\t\t\t\t<\/div>\n\t\t<div class=\"elementor-element elementor-element-21d218e0 e-flex e-con-boxed e-con e-parent\" data-id=\"21d218e0\" data-element_type=\"container\" data-e-type=\"container\">\n\t\t\t\t\t<div class=\"e-con-inner\">\n\t\t\t\t<div class=\"elementor-element elementor-element-203ab3ca elementor-widget__width-initial elementor-widget-mobile__width-inherit elementor-widget elementor-widget-heading\" data-id=\"203ab3ca\" data-element_type=\"widget\" data-e-type=\"widget\" data-widget_type=\"heading.default\">\n\t\t\t\t\t<h2 class=\"elementor-heading-title elementor-size-default\">Unis dans la croissance<\/h2>\t\t\t\t<\/div>\n\t\t<div class=\"elementor-element elementor-element-6a225125 e-con-full e-flex e-con e-child\" data-id=\"6a225125\" data-element_type=\"container\" data-e-type=\"container\">\n\t\t<div class=\"elementor-element elementor-element-56a95d87 e-con-full e-flex e-con e-child\" data-id=\"56a95d87\" data-element_type=\"container\" data-e-type=\"container\">\n\t\t\t\t<div class=\"elementor-element elementor-element-645ea82f elementor-drop-cap-yes elementor-drop-cap-view-default elementor-widget elementor-widget-text-editor\" data-id=\"645ea82f\" data-element_type=\"widget\" data-e-type=\"widget\" data-settings=\"{&quot;drop_cap&quot;:&quot;yes&quot;}\" data-widget_type=\"text-editor.default\">\n\t\t\t\t\t\t\t\t\t<p>Start In Assas est convaincu de la n\u00e9cessit\u00e9 de developper l&rsquo;\u00e9cosyst\u00e8me \u00e9tudiant et innovant de Panth\u00e9on II. Elle peux compter sur de nombreux partenaires qui ont a coeur de repousser les limites d&rsquo;action de l&rsquo;association et de l&rsquo;incubateur.<\/p>\t\t\t\t\t\t\t\t<\/div>\n\t\t\t\t<div class=\"elementor-element elementor-element-758f789e elementor-widget elementor-widget-text-editor\" data-id=\"758f789e\" data-element_type=\"widget\" data-e-type=\"widget\" data-widget_type=\"text-editor.default\">\n\t\t\t\t\t\t\t\t\t<p>\u00ab\u00a0Les partenariats sont essentiels non seulement pour permettre aux \u00e9tudiants accompagn\u00e9s dans le cadre du programme jeune pousse de b\u00e9n\u00e9ficier des meilleurs formations, mais aussi pour que les membres de l&rsquo;association puissent rencontrer des intervenants vari\u00e9s et de qualit\u00e9 lors des \u00e9v\u00e8nements.\u00a0\u00bb<\/p>\t\t\t\t\t\t\t\t<\/div>\n\t\t\t\t<div class=\"elementor-element elementor-element-a9b4549 elementor-widget elementor-widget-image\" data-id=\"a9b4549\" data-element_type=\"widget\" data-e-type=\"widget\" data-widget_type=\"image.default\">\n\t\t\t\t\t\t\t\t\t\t\t\t\t\t\t<img decoding=\"async\" width=\"300\" height=\"117\" src=\"https:\/\/start-in-assas.fr\/wp-content\/uploads\/2026\/03\/1280px-Joseph_Stalin_Signature.svg-300x117.png\" class=\"attachment-medium size-medium wp-image-514\" alt=\"\" srcset=\"https:\/\/start-in-assas.fr\/wp-content\/uploads\/2026\/03\/1280px-Joseph_Stalin_Signature.svg-300x117.png 300w, https:\/\/start-in-assas.fr\/wp-content\/uploads\/2026\/03\/1280px-Joseph_Stalin_Signature.svg-1024x399.png 1024w, https:\/\/start-in-assas.fr\/wp-content\/uploads\/2026\/03\/1280px-Joseph_Stalin_Signature.svg-768x299.png 768w, https:\/\/start-in-assas.fr\/wp-content\/uploads\/2026\/03\/1280px-Joseph_Stalin_Signature.svg.png 1280w\" sizes=\"(max-width: 300px) 100vw, 300px\" \/>\t\t\t\t\t\t\t\t\t\t\t\t\t\t\t<\/div>\n\t\t\t\t<\/div>\n\t\t<div class=\"elementor-element elementor-element-16cf0c8c e-con-full e-flex e-con e-child\" data-id=\"16cf0c8c\" data-element_type=\"container\" data-e-type=\"container\" data-settings=\"{&quot;background_background&quot;:&quot;classic&quot;}\">\n\t\t\t\t<\/div>\n\t\t<div class=\"elementor-element elementor-element-e783b93 e-con-full e-flex e-con e-child\" data-id=\"e783b93\" data-element_type=\"container\" data-e-type=\"container\" data-settings=\"{&quot;background_background&quot;:&quot;classic&quot;}\">\n\t\t\t\t<\/div>\n\t\t\t\t<\/div>\n\t\t\t\t\t<\/div>\n\t\t\t\t<\/div>\n\t\t<div class=\"elementor-element elementor-element-45890411 e-flex e-con-boxed e-con e-parent\" data-id=\"45890411\" data-element_type=\"container\" data-e-type=\"container\" data-settings=\"{&quot;background_background&quot;:&quot;classic&quot;}\">\n\t\t\t\t\t<div class=\"e-con-inner\">\n\t\t\t\t<div class=\"elementor-element elementor-element-127c889e elementor-widget__width-initial elementor-widget-tablet__width-inherit elementor-widget elementor-widget-image-carousel\" data-id=\"127c889e\" data-element_type=\"widget\" data-e-type=\"widget\" data-settings=\"{&quot;slides_to_show&quot;:&quot;7&quot;,&quot;slides_to_show_tablet&quot;:&quot;4&quot;,&quot;slides_to_show_mobile&quot;:&quot;2&quot;,&quot;slides_to_scroll&quot;:&quot;1&quot;,&quot;slides_to_scroll_tablet&quot;:&quot;1&quot;,&quot;slides_to_scroll_mobile&quot;:&quot;1&quot;,&quot;navigation&quot;:&quot;none&quot;,&quot;image_spacing_custom&quot;:{&quot;unit&quot;:&quot;px&quot;,&quot;size&quot;:60,&quot;sizes&quot;:[]},&quot;autoplay&quot;:&quot;yes&quot;,&quot;pause_on_hover&quot;:&quot;yes&quot;,&quot;pause_on_interaction&quot;:&quot;yes&quot;,&quot;autoplay_speed&quot;:5000,&quot;infinite&quot;:&quot;yes&quot;,&quot;speed&quot;:500,&quot;image_spacing_custom_tablet&quot;:{&quot;unit&quot;:&quot;px&quot;,&quot;size&quot;:&quot;&quot;,&quot;sizes&quot;:[]},&quot;image_spacing_custom_mobile&quot;:{&quot;unit&quot;:&quot;px&quot;,&quot;size&quot;:&quot;&quot;,&quot;sizes&quot;:[]}}\" data-widget_type=\"image-carousel.default\">\n\t\t\t\t\t\t\t<div class=\"elementor-image-carousel-wrapper swiper\" role=\"region\" aria-roledescription=\"carousel\" aria-label=\"Image Carousel\" dir=\"ltr\">\n\t\t\t<div class=\"elementor-image-carousel swiper-wrapper swiper-image-stretch\" aria-live=\"off\">\n\t\t\t\t\t\t\t\t<div class=\"swiper-slide\" role=\"group\" aria-roledescription=\"slide\" aria-label=\"1 sur 6\"><figure class=\"swiper-slide-inner\"><img decoding=\"async\" class=\"swiper-slide-image\" src=\"https:\/\/start-in-assas.fr\/wp-content\/uploads\/2026\/01\/ideaa-1.png\" alt=\"ideaa-1.png\" \/><\/figure><\/div><div class=\"swiper-slide\" role=\"group\" aria-roledescription=\"slide\" aria-label=\"2 sur 6\"><figure class=\"swiper-slide-inner\"><img decoding=\"async\" class=\"swiper-slide-image\" src=\"https:\/\/start-in-assas.fr\/wp-content\/uploads\/2026\/01\/radiyal-1.png\" alt=\"radiyal-1.png\" \/><\/figure><\/div><div class=\"swiper-slide\" role=\"group\" aria-roledescription=\"slide\" aria-label=\"3 sur 6\"><figure class=\"swiper-slide-inner\"><img decoding=\"async\" class=\"swiper-slide-image\" src=\"https:\/\/start-in-assas.fr\/wp-content\/uploads\/2026\/01\/stari-1.png\" alt=\"stari-1.png\" \/><\/figure><\/div><div class=\"swiper-slide\" role=\"group\" aria-roledescription=\"slide\" aria-label=\"4 sur 6\"><figure class=\"swiper-slide-inner\"><img decoding=\"async\" class=\"swiper-slide-image\" src=\"https:\/\/start-in-assas.fr\/wp-content\/uploads\/2026\/01\/circle-1.png\" alt=\"circle-1.png\" \/><\/figure><\/div><div class=\"swiper-slide\" role=\"group\" aria-roledescription=\"slide\" aria-label=\"5 sur 6\"><figure class=\"swiper-slide-inner\"><img decoding=\"async\" class=\"swiper-slide-image\" src=\"https:\/\/start-in-assas.fr\/wp-content\/uploads\/2026\/01\/earth2-1.png\" alt=\"earth2-1.png\" \/><\/figure><\/div><div class=\"swiper-slide\" role=\"group\" aria-roledescription=\"slide\" aria-label=\"6 sur 6\"><figure class=\"swiper-slide-inner\"><img decoding=\"async\" class=\"swiper-slide-image\" src=\"https:\/\/start-in-assas.fr\/wp-content\/uploads\/2026\/01\/goldline-1.png\" alt=\"goldline-1.png\" \/><\/figure><\/div>\t\t\t<\/div>\n\t\t\t\t\t\t\t\n\t\t\t\t\t\t\t\t\t<\/div>\n\t\t\t\t\t\t<\/div>\n\t\t\t\t\t<\/div>\n\t\t\t\t<\/div>\n\t\t<div class=\"elementor-element elementor-element-419e9c4e e-flex e-con-boxed e-con e-parent\" data-id=\"419e9c4e\" data-element_type=\"container\" data-e-type=\"container\">\n\t\t\t\t\t<div class=\"e-con-inner\">\n\t\t<div class=\"elementor-element elementor-element-4abeee6 e-con-full e-flex e-con e-child\" data-id=\"4abeee6\" data-element_type=\"container\" data-e-type=\"container\" data-settings=\"{&quot;background_background&quot;:&quot;classic&quot;}\">\n\t\t\t\t<div class=\"elementor-element elementor-element-77f55c42 elementor-widget elementor-widget-image\" data-id=\"77f55c42\" data-element_type=\"widget\" data-e-type=\"widget\" data-widget_type=\"image.default\">\n\t\t\t\t\t\t\t\t\t\t\t\t\t\t\t<img fetchpriority=\"high\" decoding=\"async\" width=\"1024\" height=\"683\" src=\"https:\/\/start-in-assas.fr\/wp-content\/uploads\/2026\/02\/team-collaborating-on-project-in-eco-friendly-offi-2025-03-06-07-32-25-utc-1-1024x683.jpg\" class=\"attachment-large size-large wp-image-62\" alt=\"\" srcset=\"https:\/\/start-in-assas.fr\/wp-content\/uploads\/2026\/02\/team-collaborating-on-project-in-eco-friendly-offi-2025-03-06-07-32-25-utc-1-1024x683.jpg 1024w, https:\/\/start-in-assas.fr\/wp-content\/uploads\/2026\/02\/team-collaborating-on-project-in-eco-friendly-offi-2025-03-06-07-32-25-utc-1-300x200.jpg 300w, https:\/\/start-in-assas.fr\/wp-content\/uploads\/2026\/02\/team-collaborating-on-project-in-eco-friendly-offi-2025-03-06-07-32-25-utc-1-768x512.jpg 768w, https:\/\/start-in-assas.fr\/wp-content\/uploads\/2026\/02\/team-collaborating-on-project-in-eco-friendly-offi-2025-03-06-07-32-25-utc-1.jpg 1500w\" sizes=\"(max-width: 1024px) 100vw, 1024px\" \/>\t\t\t\t\t\t\t\t\t\t\t\t\t\t\t<\/div>\n\t\t<div class=\"elementor-element elementor-element-6ff2d33a e-con-full e-flex e-con e-child\" data-id=\"6ff2d33a\" data-element_type=\"container\" data-e-type=\"container\">\n\t\t\t\t<div class=\"elementor-element elementor-element-56c566f8 elementor-widget elementor-widget-heading\" data-id=\"56c566f8\" data-element_type=\"widget\" data-e-type=\"widget\" data-widget_type=\"heading.default\">\n\t\t\t\t\t<h2 class=\"elementor-heading-title elementor-size-default\">des partenariats \u00e0 impact<\/h2>\t\t\t\t<\/div>\n\t\t\t\t<div class=\"elementor-element elementor-element-7b2dd921 elementor-widget elementor-widget-text-editor\" data-id=\"7b2dd921\" data-element_type=\"widget\" data-e-type=\"widget\" data-widget_type=\"text-editor.default\">\n\t\t\t\t\t\t\t\t\t<p>Pour Start In Assas, les partenariats vont bien au-del\u00e0 des logos et des promotions. Nous collaborons avec des entreprises et des professionnels qui souhaitent entrer en contact avec une communaut\u00e9 cr\u00e9ative, apporter une valeur ajout\u00e9e au programme de mentoring et \u00e9voluer ensemble gr\u00e2ce \u00e0 des exp\u00e9riences enrichissantes.<\/p>\t\t\t\t\t\t\t\t<\/div>\n\t\t\t\t<div class=\"elementor-element elementor-element-22d50571 elementor-widget elementor-widget-button\" data-id=\"22d50571\" data-element_type=\"widget\" data-e-type=\"widget\" data-widget_type=\"button.default\">\n\t\t\t\t\t\t\t\t\t\t<a class=\"elementor-button elementor-button-link elementor-size-sm\" href=\"https:\/\/start-in-assas.fr\/index.php\/candidature-de-partenariats\/\">\n\t\t\t\t\t\t<span class=\"elementor-button-content-wrapper\">\n\t\t\t\t\t\t\t\t\t<span class=\"elementor-button-text\">Devenir Partenaire<\/span>\n\t\t\t\t\t<\/span>\n\t\t\t\t\t<\/a>\n\t\t\t\t\t\t\t\t<\/div>\n\t\t\t\t<\/div>\n\t\t\t\t<\/div>\n\t\t<div class=\"elementor-element elementor-element-4baecc4a e-con-full e-flex e-con e-child\" data-id=\"4baecc4a\" data-element_type=\"container\" data-e-type=\"container\" data-settings=\"{&quot;background_background&quot;:&quot;classic&quot;}\">\n\t\t\t\t<div class=\"elementor-element elementor-element-29983614 elementor-widget elementor-widget-heading\" data-id=\"29983614\" data-element_type=\"widget\" data-e-type=\"widget\" data-widget_type=\"heading.default\">\n\t\t\t\t\t<h2 class=\"elementor-heading-title elementor-size-default\">Des Questions?<\/h2>\t\t\t\t<\/div>\n\t\t\t\t<div class=\"elementor-element elementor-element-719cfbb7 elementor-widget elementor-widget-text-editor\" data-id=\"719cfbb7\" data-element_type=\"widget\" data-e-type=\"widget\" data-widget_type=\"text-editor.default\">\n\t\t\t\t\t\t\t\t\t<p>Que vous soyez une marque, un prestataire de services ou un professionnel de la cr\u00e9ation, nos partenariats sont con\u00e7us pour \u00eatre flexibles, collaboratifs et clairs. Voici comment nous travaillons g\u00e9n\u00e9ralement avec nos partenaires \u00e0 Start In Assas.<\/p>\t\t\t\t\t\t\t\t<\/div>\n\t\t\t\t<div class=\"elementor-element elementor-element-d1ccb80 elementor-widget elementor-widget-elementskit-faq\" data-id=\"d1ccb80\" data-element_type=\"widget\" data-e-type=\"widget\" data-widget_type=\"elementskit-faq.default\">\n\t\t\t\t\t<div class=\"ekit-wid-con\" >\n                <div class=\"elementskit-single-faq elementor-repeater-item-3444a33\">\n            <div class=\"elementskit-faq-header\">\n                <h2 class=\"elementskit-faq-title\">Do partnerships require long-term contracts?<\/h2>\n            <\/div>\n            <div class=\"elementskit-faq-body\">\n                Not necessarily. We offer flexible partnership models \u2014 from short-term collaborations and events to long-term strategic partnerships.            <\/div>\n        <\/div>\n                <div class=\"elementskit-single-faq elementor-repeater-item-c9ca1b0\">\n            <div class=\"elementskit-faq-header\">\n                <h2 class=\"elementskit-faq-title\">What types of partners does CoPlace work with?<\/h2>\n            <\/div>\n            <div class=\"elementskit-faq-body\">\n                We collaborate with brands, local businesses, service providers, event hosts, and creators who align with our values and community.            <\/div>\n        <\/div>\n                \n    <\/div>\t\t\t\t<\/div>\n\t\t\t\t<div class=\"elementor-element elementor-element-6fe937b elementor-mobile-align-justify elementor-widget elementor-widget-button\" data-id=\"6fe937b\" data-element_type=\"widget\" data-e-type=\"widget\" data-widget_type=\"button.default\">\n\t\t\t\t\t\t\t\t\t\t<a class=\"elementor-button elementor-button-link elementor-size-sm\" href=\"#\">\n\t\t\t\t\t\t<span class=\"elementor-button-content-wrapper\">\n\t\t\t\t\t\t\t\t\t<span class=\"elementor-button-text\">Voir notre charte de partenariat<\/span>\n\t\t\t\t\t<\/span>\n\t\t\t\t\t<\/a>\n\t\t\t\t\t\t\t\t<\/div>\n\t\t\t\t<div class=\"elementor-element elementor-element-42e7e813 elementor-widget__width-initial elementor-absolute elementor-widget elementor-widget-spacer\" data-id=\"42e7e813\" data-element_type=\"widget\" data-e-type=\"widget\" data-settings=\"{&quot;_position&quot;:&quot;absolute&quot;}\" data-widget_type=\"spacer.default\">\n\t\t\t\t\t\t\t<div class=\"elementor-spacer\">\n\t\t\t<div class=\"elementor-spacer-inner\"><\/div>\n\t\t<\/div>\n\t\t\t\t\t\t<\/div>\n\t\t\t\t<\/div>\n\t\t\t\t\t<\/div>\n\t\t\t\t<\/div>\n\t\t\t\t<\/div>\n\t\t","protected":false},"excerpt":{"rendered":"<p>Partnenaires D\u00e9couvrez toutes les entit\u00e9s avec lesquelles on collabore Unis dans la croissance Start In Assas est convaincu de la n\u00e9cessit\u00e9 de developper l&rsquo;\u00e9cosyst\u00e8me \u00e9tudiant et innovant de Panth\u00e9on II. Elle peux compter sur de nombreux partenaires qui ont a coeur de repousser les limites d&rsquo;action de l&rsquo;association et de l&rsquo;incubateur. \u00ab\u00a0Les partenariats sont essentiels [&hellip;]<\/p>\n","protected":false},"author":1,"featured_media":0,"parent":0,"menu_order":0,"comment_status":"closed","ping_status":"closed","template":"elementor_header_footer","meta":{"footnotes":""},"class_list":["post-38","page","type-page","status-publish","hentry"],"_links":{"self":[{"href":"https:\/\/start-in-assas.fr\/index.php\/wp-json\/wp\/v2\/pages\/38","targetHints":{"allow":["GET"]}}],"collection":[{"href":"https:\/\/start-in-assas.fr\/index.php\/wp-json\/wp\/v2\/pages"}],"about":[{"href":"https:\/\/start-in-assas.fr\/index.php\/wp-json\/wp\/v2\/types\/page"}],"author":[{"embeddable":true,"href":"https:\/\/start-in-assas.fr\/index.php\/wp-json\/wp\/v2\/users\/1"}],"replies":[{"embeddable":true,"href":"https:\/\/start-in-assas.fr\/index.php\/wp-json\/wp\/v2\/comments?post=38"}],"version-history":[{"count":16,"href":"https:\/\/start-in-assas.fr\/index.php\/wp-json\/wp\/v2\/pages\/38\/revisions"}],"predecessor-version":[{"id":536,"href":"https:\/\/start-in-assas.fr\/index.php\/wp-json\/wp\/v2\/pages\/38\/revisions\/536"}],"wp:attachment":[{"href":"https:\/\/start-in-assas.fr\/index.php\/wp-json\/wp\/v2\/media?parent=38"}],"curies":[{"name":"wp","href":"https:\/\/api.w.org\/{rel}","templated":true}]}}